lse
Let f = -27 + 29. Is 5 a factor of (f + -3)*3 + 9?
False
Let a(s) = -3*s + 21. Let g be a(7). Suppose 0 = -4*n + 5*x + 13, g = -2*n - 3*x - 2 + 3. Suppose 7 = 3*v - n*v. Is 2 a factor of v?
False
Suppose 24*q - 31*q = -6272. Does 64 divide q?
True
Suppose w = -h + 1, 2*w = -5*h + 2*h + 5. Suppose -11*p + h*p + 680 = 0. Does 19 divide p?
False
Is 0 - (8/6 + (-471)/9) a multiple of 3?
True
Let h be 2 + (0 - -1) - 0. Suppose h*k + 3*w - 63 - 159 = 0, 3*w = 0. Suppose -3*i - 5*p = -k, -4*p = -4*i - 3*p + 137. Does 7 divide i?
False
Suppose -u = 4*s - 396, 5*s - 88*u = -89*u + 494. Does 4 divide s?
False
Let s(f) = 5*f - 48. Suppose 5*t - 66 - 4 = 0. Is s(t) a multiple of 11?
True
Let q = 401 - 402. Let i(k) = 6*k**2 + 2*k + 3. Let c(m) = -12*m**2 - 5*m - 7. Let z(x) = 4*c(x) + 9*i(x). Is z(q) a multiple of 7?
True
Let z be 312/91 + 3/(-7). Suppose -2*t + 436 = 2*t - 2*w, -w + 332 = z*t. Is t a multiple of 18?
False
Let a(c) = -209*c - 34. Let p(y) = 42*y + 7. Let d(q) = -2*a(q) - 11*p(q). Does 40 divide d(-3)?
False
Suppose 32 = 16*i - 12*i. Suppose i*v = 14*v - 66. Is v a multiple of 9?
False
Let u(f) = 1. Let n(c) = -2*c - 5. Let b(m) = 3*n(m) + 6*u(m). Is b(-6) a multiple of 15?
False
Let l(p) = -33 + 42*p - 18*p + p**2 - 13*p + 11. Is 5 a factor of l(-17)?
True
Let x = -26 + -7. Suppose -2*z = -1 - 5. Let q = z - x. Is q a multiple of 12?
True
Let a = 10054 - 4950. Is 16 a factor of a?
True
Suppose 5*c = -0 + 15, 4*u + 4*c = -128. Is -2 - (5 + u - 2) a multiple of 7?
False
Let y(b) = -b**3 - 4*b**2 - b - 2. Let k be y(-3). Let d be 226*(3 - (-28)/k). Let h = -68 - d. Is h a multiple of 9?
True
Let f(k) = k**3 - k**2 + 1. Let h(u) = 7*u**3 + 3*u**2 - 2*u - 6. Let q(a) = -6*f(a) + h(a). Let t be q(-9). Suppose 256 = 10*m - t*m. Is m a multiple of 32?
True
Let w(q) = q**3 - 22*q**2 - 19*q + 8. Let u be w(23). Is 6 a factor of (4/10)/1 - (-760)/u?
False
Let r(i) = i**2 + 11*i - 1. Let a be r(-8). Let o = a + 33. Suppose 10*j = o*j + 170. Is j a multiple of 17?
True
Let x(r) = 55*r - 50. Is x(5) a multiple of 9?
True
Suppose -5*u - 127 = 168. Let i = -17 - u. Is 11 a factor of i?
False
Suppose 32*k = 318 + 546. Is 3 a factor of k?
True
Suppose 53 = 2*w - 3*k - 271, 5*w + 5*k - 810 = 0. Does 5 divide w?
False
Let w be -8 - 4/(-4)*2. Let h(i) = -15*i + 20. Is h(w) a multiple of 9?
False
Let y(a) = -a**3 + 11*a**2 - 9*a - 5. Let r be y(10). Suppose -2*v - 12 = -r*v, 4*g - 184 = -v. Is 3 a factor of g?
True
Let g = -1115 - -2699. Does 22 divide g?
True
Suppose -m = -21 - 104. Does 19 divide m?
False
Suppose 0 = 2*c + 5*d + 121, -3*c - 125 = 3*d + 34. Let h be ((-54)/4)/((-8)/c). Does 36 divide (1 - 1) + (-8 - h)?
False
Let r(d) be the first derivative of d**3/6 + 31*d**2/2 - 7*d - 1. Let j(s) be the first derivative of r(s). Is j(-15) a multiple of 16?
True
Let m(c) = 4*c**2 - 4*c + 3. Suppose -2*q - 4*j = 16, 0*q + 4*j + 22 = q. Let b be m(q). Does 11 divide (b/(-2))/((-7)/14)?
True
Let h(f) = -38*f - 2. Let k be h(-2). Suppose 5*i - k - 196 = 0. Does 6 divide i?
True
Let o(l) = -29*l**3 + 7*l**2 + 7*l. Let a be o(-4). Let t be a/35 + (-12)/28. Suppose 2*p - 89 = t. Is 36 a factor of p?
True
Let q(j) = -3*j - 8. Let u be q(-4). Let m(a) = 8*a**2 - 7*a + 6. Does 19 divide m(u)?
False
Suppose 0*o + 4*o = b - 4, -2*b - o - 10 = 0. Does 16 divide ((-2)/b)/((-6)/(-960))?
True
Let w(k) = k**2 + 26*k + 64. Does 15 divide w(-29)?
False
Let u = -19 + 27. Let a(w) = -4*w + 2*w**2 + 7*w - w**2 + 18 + u*w. Does 25 divide a(-15)?
False
Let b(o) = 2*o + 24. Let z be (5 - 7)/((-2)/(-17)). Let y be b(z). Let n = 20 - y. Does 15 divide n?
True
Let h = 3442 + -1426. Is h a multiple of 111?
False
Let u(b) = 19*b - 10. Suppose 88 = 16*c - 8*c. Is 23 a factor of u(c)?
False
Let h(k) = k**2 + k + 5. Let b be h(0). Suppose 0 = 3*q - 5*j - 61, -4*j - 118 + 25 = -b*q. Let v = -9 + q. Is 8 a factor of v?
True
Let y be (-1)/(-2)*14 - (2 + 1). Suppose h - 3*l + 0*l = 141, 0 = 3*h + y*l - 436. Is 48 a factor of h?
True
Is 11 a factor of (-14)/77 + 403812/132?
False
Let r(a) = -19*a - 2 + 14*a - 5 - 3. Is 9 a factor of r(-4)?
False
Suppose 3 - 44 = -2*c + k, -5*c = 4*k - 96. Let v = c + -13. Is 2 a factor of v?
False
Suppose 120 = 5*n + 3*d, -4*n - d = -101 + 12. Suppose -1 = 4*r - 5. Let x = r + n. Is x a multiple of 14?
False
Suppose -3*b - x - 1764 = -5*b, 5*b + 5*x - 4425 = 0. Does 18 divide b?
False
Suppose -3*o = -10*o + 252. Suppose -o*j = -38*j + 44. Is 8 a factor of j?
False
Does 4 divide -150*(28/(-210))/((-1)/(-5))?
True
Let u be ((-34)/6 - -6)*1*48. Suppose 0 = -3*c + 29 + u. Does 5 divide c?
True
Suppose -3*i + 880 = 2*i. Let v(j) = 12*j + 6. Let d be v(6). Let p = i - d. Is 17 a factor of p?
False
Suppose -13224 = -21*y + 1266. Does 46 divide y?
True
Let q(k) be the second derivative of k**5/20 + k**4/3 - 7*k**3/6 - 9*k**2/2 - 7*k. Let o be q(-6). Let t = 75 + o. Is t a multiple of 18?
True
Suppose 0 = -y - 3*o + 160, -66 = -2*y - o + 259. Suppose 7*u - y = 362. Is u a multiple of 25?
True
Let w(d) = d**3 + 7*d**2 - 2*d - 6. Let f be w(-5). Let p be f/(-9)*2/(-6). Suppose -v - 5*a + 53 = 0, v = -4*v - p*a + 242. Is v a multiple of 24?
True
Let y(d) = -19*d**3 - 2*d**2 - 3*d - 13. Let q be y(-3). Suppose 5*n = 2*n + v + q, -5*n = 4*v - 807. Is 15 a factor of n?
False
Let p = -386 + 914. Does 24 divide p?
True
Suppose -12 + 0 = -2*f. Let b(q) = -2*q**2 + 4*q - 6. Let r be b(f). Does 7 divide -35*(3 + r/14)?
False
Let j(d) = -d**3 - 12*d**2 + 9*d - 28. Suppose o = -4*a - 58, -6*a + o - 68 = -a. Is j(a) a multiple of 30?
False
Let t(f) = 99*f - 37. Does 19 divide t(14)?
True
Let y(i) = -i**2 - 9*i + 11. Let p be y(-11). Let n be p/(-4)*(-4)/(-1). Suppose 10 = -2*m - 3*m, 3*o + 5*m - n = 0. Is o a multiple of 5?
False
Suppose -343 = 3*v + p, -3*p + 1 = -5. Let u = v + 300. Does 24 divide u?
False
Suppose 14*w - 15*w = -264. Suppose 0 = 3*h + 13 + 2, -h = x - w. Suppose -6*s = -x + 89. Is 8 a factor of s?
False
Let n(j) = -405*j - 55. Does 14 divide n(-2)?
False
Is 15 a factor of (594/132)/(5194/(-2600) - -2)?
True
Let i(o) = 11*o - 48. Let z be i(12). Let m = z - 54. Is m a multiple of 9?
False
Suppose 101*j - 172*j = -160531. Is 19 a factor of j?
True
Let z(a) = a**3 + 13*a**2 + 4*a - 11. Let b be z(-10). Suppose -4*g - 2*m = -180, -5*g - 11 = -4*m - b. Let o = -16 + g. Does 10 divide o?
True
Let g(o) = -6*o + 461. Does 5 divide g(21)?
True
Let s(p) = -p**3 + 6*p**2 + 10*p - 7. Let v be (8*1/2)/1. Suppose 9*a - 30 = v*a. Is s(a) a multiple of 37?
False
Suppose 2*r + 5*p + 17 = 66, -r = -5*p + 13. Is (20/8)/(2/r) a multiple of 15?
True
Let x(j) = j**2 + 17*j + 36. Does 8 divide x(-24)?
False
Let l = 49 - 45. Is (15/(-6))/(l/(-64)) a multiple of 15?
False
Let w = 389 - 250. Let r = w + 71. Does 30 divide r?
True
Let p = 1 - -207. Is 15 a factor of p?
False
Suppose 2*c = 4*p + 10 + 62, -5*c - 3*p + 180 = 0. Let r be (-4)/(-18) + (-8)/c. Suppose -2*k = -7*k + 3*d + 97, r = 2*d - 2. Is k a multiple of 5?
True
Is 47 a factor of (483/(-49))/(-23) - 3616/(-7)?
True
Suppose 519 = 3*w + 3*q, -350 = -2*w - 0*q - q. Let c = 254 - w. Does 11 divide c?
True
Let i(l) = -l**3 - 6*l**2 - 2*l - 1. Let m be i(-4). Let a = 27 + m. Is 2 a factor of a?
True
Suppose -3*z - 2*u = -308, 2*u = 3*z + 25 - 317. Is 10 a factor of z?
True
Let j(b) = b**2 + 19*b - 26. Let h be j(-20). Let p be (23/3)/((-2)/h). Suppose v + 3*v - g = p, -4*v - 3*g = -27. Is 2 a factor of v?
True
Let y(j) = -j**3 + 6*j**2 + 7*j - 4. Let v be y(7). Suppose -2*w - 9 = 3. Does 12 divide (-318)/(-9) + v/w?
True
Suppose 5*v - 14 - 6 = 0. Suppose a - 101 = 3*z, -4*a + 5*z + 439 = -0*z. Suppose v*x = 188 + a. Is 27 a factor of x?
False
Suppose 15*d - 10*d = 660. Is d a multiple of 22?
True
Suppose 3*o = 3*j + o, 0 = -j - o. Suppose -434 = -5*i + l, -i + j*i + 83 = -4*l. Does 15 divide i?
False
Let h = 3 - 12. Let v(n) = n - 1. Let w be v(h). Let f = 16 + w. Is 6 a factor of f?
True
Let y(x) = x**3 - 17*x**2 + 16*x + 12. Let o be y(16). Is (-112)/(-5) - o/30 a multiple of 4?
False
Let b be 3 - (-3 - -3 - 0). Suppose 5*v - b*m = 21, -m - m - 10 = -2*v. Suppose -2*x = -v*w + 6 - 31, 0 = -5*x - 4*w + 51. Is x a multiple of 2?
False
Suppose 3 = -m + 4*m. Is 2 - 146/(2/(-2) - m) a multiple of 16?
False
Let g(z) be the first 